*4 is divided by 38?
33
Let k = -1 + 4. Suppose k*j - 410 + 59 = 0. Calculate the remainder when j is divided by 3/2*(-160)/(-6).
37
Let i = -7159 - -7281. What is the remainder when 191 is divided by i?
69
Let v be (2030 + 1)*(-4 + 80/15). Calculate the remainder when -2 - v/(-20) - 9/(-15) is divided by 27.
26
Let s = 191 + -189. Suppose 0 = -c + 1, 79 = 5*z - s*c - 869. What is the remainder when z is divided by 15?
10
Let h = -1435 + 1455. Suppose 0 = -6*l + 132 + 264. Calculate the remainder when l is divided by h.
6
Let q(m) = 36*m - 30. Let h be q(19). Suppose -5*r - r + h = 0. What is the remainder when r is divided by 22?
21
Suppose -2*c = l - 67, -4*l = -4*c - 226 - 66. What is the remainder when 638 is divided by l?
70
Let s be (20/12)/5*-9. Let i(y) = -24*y - 12. What is the remainder when i(s) is divided by 16?
12
Let m = 191 - -1993. Calculate the remainder when m is divided by 25.
9
Suppose -4*m = 4*q - 20, m + 23 = q - 4*m. What is the remainder when 254 is divided by 4*(34/q + 0)?
16
Suppose -10*n + 84 = -176. What is the remainder when 750 is divided by n?
22
Let x be 0*((-14)/4 + 3). Suppose x*a = a - 21. Suppose -4*v + 5*k = -48, -2*k + 7*k = -20. What is the remainder when a is divided by v?
0
Let c = 929 - 841. Suppose -5*r - 4 = g, 80 + 16 = 5*g - 4*r. Calculate the remainder when c is divided by g.
8
Let d = 5150 - 4665. Calculate the remainder when d is divided by 25.
10
Let d = -149 + 205. Suppose 0 = -4*o + 2*n + d, -5*o = 2*n - n - 70. Suppose 0*y - 3*g - 31 = -y, 5*y - 125 = 5*g. What is the remainder when y is divided by o?
8
What is the remainder when 1618 is divided by 1/(5/6) - 1692/(-90)?
18
Suppose -3*p - 436 = 1895. Let d = p + 1363. Suppose -4*u + d = -54. Calculate the remainder when u is divided by 41.
37
Let w(r) = -5*r**3 - r**2 + 6*r - 5. Calculate the remainder when w(-3) is divided by 13.
12
Let k be (6/5)/((-9)/150). Let m(f) = -18*f - 2. Let o(z) = -53*z + 10. Let n(w) = 3*m(w) - o(w). What is the remainder when 6 is divided by n(k)?
2
Let m(f) = -2*f**2 + 191*f + 8000. Let t(y) = -y**3 - 2*y**2 + y - 6. Calculate the remainder when m(126) is divided by t(-5).
58
Let u(c) = c**2 - c - 12. Suppose 1943 = -11*l + 16*l - p, 1524 = 4*l + 3*p. Calculate the remainder when l is divided by u(10).
75
Let u = 697 + -679. Let a be 36/20 + 1/5. Suppose 2*n - a*o = 14, -5*o = 3*n - 7 - 14. Calculate the remainder when u is divided by n.
4
Let m = -38 - -42. Suppose -m*x + 55 = x + 5*n, 5*n = 5. Suppose 3*h - 12 = -3*v, 3*v - x = -2*v. What is the remainder when 6 is divided by h?
0
Suppose 0 = 18*v + 343214 - 343502. What is the remainder when -8*(1 + (-194)/4) is divided by v?
12
Let b(j) = -892*j + 1806. Calculate the remainder when 1583 is divided by b(2).
21
Let o = 196 - 217. Calculate the remainder when 53 is divided by (-90)/(-12)*(3 + o/9).
3
Let x(f) = -2*f**2 + 51*f + 37. What is the remainder when x(21) is divided by 131?
95
Suppose 2*g - 772 = -0*g. Let x = -429 - -207. Let f = g + x. Calculate the remainder when f is divided by 42.
38
Let n = -182800 - -182871. Let j(u) = -u**3 - 3*u**2 - 3*u + 2. Calculate the remainder when n is divided by j(-3).
5
Let g(w) = -37*w - 5. Let k = -142982 + 143009. Calculate the remainder when g(-5) is divided by k.
18
Suppose 4*w + 3*q - 19 = 0, 0*w + 2*q = 4*w - 14. Suppose -i = -5*f + 90, -6*i = -5*f - w*i + 85. What is the remainder when 69 is divided by f?
12
Let s = -211 - -207. What is the remainder when (8/(0 + s))/((-2)/284) is divided by 9?
5
Suppose -108*c + 16492 + 5756 = 0. What is the remainder when c is divided by 35?
31
Suppose r - 5*f + 20 = 0, 4*r = 5*r - 2*f + 5. Suppose -2*j - j = -138. Suppose 0 = s - 3*s + j. Calculate the remainder when s is divided by r.
3
Suppose -q - 15 = -5*j + 4*q, -3*j + 19 = 2*q. Suppose -6 = 2*i, -5*p - j*i + 32 = -4*i. Let a = 3 - 0. Calculate the remainder when p is divided by a.
1
Let x(z) = 204*z**2 - 4*z - 14. Let m be x(-2). Let u(p) = p + 6. Calculate the remainder when 2/(-6)*m/(0 - 9) is divided by u(10).
14
Let c = 11971 - 8288. Suppose -1492 = -25*p + c. What is the remainder when p is divided by 21?
18
Let f(o) = -11*o**2 - 551*o + 539. What is the remainder when 12177 is divided by f(-51)?
26
Suppose 2*f = f + 152. Suppose 0*k - f = -4*k + 2*r, 5*k + r = 197. What is the remainder when k is divided by 8?
7
Suppose 15*y + 5014 = 1309. Let c = -231 - y. Calculate the remainder when 49 is divided by c.
1
Suppose -3*u + i = -6*u + 43, 5*i - 20 = -2*u. Calculate the remainder when (-23 - (9 + -37)) + 57 + 1/1 is divided by u.
3
Suppose -12*b + 8*b + 2680 = -5*s, 536 = -s - 2*b. Let m = 590 + s. Calculate the remainder when 211 is divided by m.
49
Let j(t) = 654*t - 10447. Calculate the remainder when 216 is divided by j(16).
12
Calculate the remainder when 739*(19 + -22 + 19) is divided by 25.
24
Let h(a) be the third derivative of 1/4*a**4 + 0 + 24*a**2 + 0*a + 1/120*a**6 + 1/5*a**5 - 25/6*a**3. Calculate the remainder when h(-11) is divided by 11.
8
Suppose 4*p - 4*h - 897 = -5*h, 3*p + h = 673. Calculate the remainder when p is divided by 65.
29
Let y = -39 - -75. Let i = -95724 - -95866. Calculate the remainder when i is divided by y.
34
Suppose 7*w = -2*w + 189. Let y(x) = -6*x + 130. What is the remainder when 15 is divided by y(w)?
3
Calculate the remainder when 669 is divided by (-2)/2*(1 + -28).
21
Let m(d) = -85*d - 11194. Let o = 29 + -20. Calculate the remainder when m(-132) is divided by o.
8
Suppose 3*t + 28 = 883. Let g = 57460 - 57454. What is the remainder when t/9 - 1/(-3) is divided by g?
2
Let t(s) = 80*s**2 + 3*s + 2. Let h be t(-1). Let c = h + -277. What is the remainder when 128 is divided by c/15*(1 - (-14)/(-4))?
29
Let q(w) = w**2 - 8*w + 25. Suppose 0 = -5*y + 2*y + 15. Calculate the remainder when (-118)/((1 - -1) + -4) is divided by q(y).
9
Suppose -9341 = -141*o + 37048. Calculate the remainder when o is divided by 67.
61
Let i(c) = 8*c - 49. Let x be i(8). Suppose x*m - 1134 = -6*m. What is the remainder when m is divided by 28?
26
Let q(c) = 350*c + 356. What is the remainder when 7396 is divided by q(-1)?
4
Let u(r) = r**2 + 2*r + 8. What is the remainder when u(5) is divided by 9?
7
Suppose -192 - 641 = -7*b. Suppose -14*v + 12*v + 4 = 0. What is the remainder when b is divided by 266/12 - v/12 - -2?
23
Let j(i) = i**3 - 21*i**2 + 19*i - 25. Let p be j(20). Let n = p - -42. Calculate the remainder when 50 is divided by (n/9)/((-157)/78 - -2).
24
Let i = 18 - -13. Suppose 0 = -0*g - 10*g - 250. Let y = g + 33. What is the remainder when i is divided by y?
7
Suppose -258*z - 7395 = -287*z. What is the remainder when z is divided by 49?
10
Suppose m - 15*q - 34 = -12*q, -4*m = q - 110. Suppose 2*i = m + 6. What is the remainder when 177 is divided by i?
7
Suppose -v = -7*v + 54. Let f(a) = -a**3 - a**2 - a + 23. What is the remainder when f(0) is divided by v?
5
Suppose -5*k - 3*v + 3427 = 0, 3*v = -k + 868 - 185. Calculate the remainder when 1387 is divided by k.
15
Let b(u) = -37*u**2 + 78*u - 2. Calculate the remainder when 571 is divided by b(2).
1
Let b = 98 + -101. Suppose -5*q - 3*d = 38 - 190, 157 = 5*q - 2*d. What is the remainder when q is divided by 0 - -6 - (-5 - b - 0)?
7
Let u = 9036 + -8199. What is the remainder when u is divided by 16?
5
Suppose 5*k - 3*c - 6692 = 0, 5374 = 4*k + 3*c - 2*c. Calculate the remainder when k is divided by 5.
2
Let w = -95 - -158. Suppose -903 + w = -35*c. Calculate the remainder when 236 is divided by c.
20
Let u be -5*7/(35/5). Let o(w) = w**2 - 8*w - 28. Calculate the remainder when 76 is divided by o(u).
2
Let w = -133029 + 133064. Calculate the remainder when (-1726)/(-10) - 2/(-5) is divided by w.
33
Let b be ((-2)/11 - 24/(-132)) + -1. Let f = 3 - b. What is the remainder when 8 is divided by f?
0
Let r(a) = -a - 1. Let o(m) be the first derivative of 7*m**2/2 + 6*m - 12. Let p(h) = o(h) + 4*r(h). Calculate the remainder when 67 is divided by p(5).
16
Let i = 2805 - 2569. What is the remainder when i is divided by ((-8)/3)/(18/27) - -18?
12
Suppose 0 = -m - 2*t - 9 + 27, -m - 3*t = -14. Suppose -2*v + 83 - m = n, v = -n + 31. What is the remainder when 181 is divided by v?
25
Suppose -2*z + 46 = 8*f - 66, 4*z = 4*f - 56. 